 is the hundreds digit of 219634?
6
What is the units digit of 111861?
1
What is the hundreds digit of 7402659?
6
What is the hundreds digit of 1775449?
4
What is the thousands digit of 575678?
5
What is the hundreds digit of 2373479?
4
What is the ten thousands digit of 32018579?
1
What is the units digit of 385134?
4
What is the thousands digit of 880787?
0
What is the tens digit of 32495883?
8
What is the thousands digit of 841381?
1
What is the hundreds digit of 183602?
6
What is the tens digit of 1524455?
5
What is the tens digit of 20145324?
2
What is the ten thousands digit of 106110?
0
What is the hundred thousands digit of 780069?
7
What is the thousands digit of 162000?
2
What is the millions digit of 1002394?
1
What is the ten thousands digit of 349581?
4
What is the thousands digit of 865808?
5
What is the units digit of 561332?
2
What is the units digit of 37881?
1
What is the hundred thousands digit of 4376482?
3
What is the ten thousands digit of 195529?
9
What is the thousands digit of 286103?
6
What is the hundreds digit of 93614?
6
What is the hundreds digit of 7774?
7
What is the units digit of 260706?
6
What is the millions digit of 15064395?
5
What is the hundred thousands digit of 3246346?
2
What is the hundred thousands digit of 339722?
3
What is the ten thousands digit of 191309?
9
What is the hundred thousands digit of 5651179?
6
What is the tens digit of 352370?
7
What is the units digit of 37873?
3
What is the hundred thousands digit of 5635006?
6
What is the tens digit of 1401520?
2
What is the units digit of 8155631?
1
What is the units digit of 647565?
5
What is the units digit of 1487330?
0
What is the thousands digit of 14683471?
3
What is the hundred thousands digit of 1375438?
3
What is the tens digit of 21185232?
3
What is the units digit of 119737?
7
What is the hundreds digit of 135028?
0
What is the millions digit of 10219987?
0
What is the millions digit of 3872247?
3
What is the tens digit of 8372418?
1
What is the millions digit of 9106348?
9
What is the units digit of 1557759?
9
What is the hundreds digit of 1156165?
1
What is the units digit of 140964?
4
What is the hundreds digit of 909324?
3
What is the hundreds digit of 26141236?
2
What is the ten thousands digit of 3400328?
0
What is the hundred thousands digit of 477842?
4
What is the thousands digit of 7467210?
7
What is the tens digit of 429283?
8
What is the hundreds digit of 239893?
8
What is the hundreds digit of 393287?
2
What is the tens digit of 5397401?
0
What is the hundred thousands digit of 151956?
1
What is the ten thousands digit of 4824946?
2
What is the ten millions digit of 11486107?
1
What is the thousands digit of 562479?
2
What is the thousands digit of 124136?
4
What is the units digit of 815250?
0
What is the tens digit of 1347131?
3
What is the hundreds digit of 1717645?
6
What is the units digit of 227298?
8
What is the units digit of 10992?
2
What is the thousands digit of 3250589?
0
What is the units digit of 1320024?
4
What is the tens digit of 2621887?
8
What is the tens digit of 983122?
2
What is the ten thousands digit of 613743?
1
What is the tens digit of 55969?
6
What is the hundreds digit of 78404?
4
What is the hundreds digit of 440145?
1
What is the thousands digit of 207326?
7
What is the units digit of 320663?
3
What is the hundreds digit of 2181?
1
What is the thousands digit of 226434?
6
What is the tens digit of 124228?
2
What is the tens digit of 1555233?
3
What is the tens digit of 306515?
1
What is the millions digit of 6601649?
6
What is the hundred thousands digit of 336420?
3
What is the units digit of 290388?
8
What is the tens digit of 20171528?
2
What is the units digit of 12207905?
5
What is the thousands digit of 6143490?
3
What is the units digit of 25468?
8
What is the hundreds digit of 70274?
2
What is the millions digit of 7270628?
7
What is the thousands digit of 697140?
7
What is the hundreds digit of 301615?
6
What is the ten thousands digit of 2460397?
6
What is the hundreds digit of 7680035?
0
What is the ten thousands digit of 2204030?
0
What is the thousands digit of 19233268?
3
What is the millions digit of 4615943?
4
What is the tens digit of 18421233?
3
What is the units digit of 28447292?
2
What is the tens digit of 5204775?
7
What is the units digit of 182139?
9
What is the hundred thousands digit of 12107583?
1
What is the hundreds digit of 318115?
1
What is the tens digit of 1657706?
0
What is the hundreds digit of 6114375?
3
What is the ten thousands digit of 118277?
1
What is the tens digit of 317815?
1
What is the hundreds digit of 2139231?
2
What is the thousands digit of 1272183?
2
What is the ten thousands digit of 7123960?
2
What is the units digit of 408852?
2
What is the hundreds digit of 1112362?
3
What is the hundreds digit of 4395615?
6
What is the hundreds digit of 1622276?
2
What is the ten thousands digit of 368727?
6
What is the thousands digit of 1785827?
5
What is the hundred thousands digit of 11412254?
4
What is the hundred thousands digit of 1797255?
7
What is the thousands digit of 2127302?
7
What is the hundreds digit of 4369730?
7
What is the units digit of 2790886?
6
What is the ten thousands digit of 152457?
5
What is the tens digit of 8596676?
7
What is the thousands digit of 16677663?
7
What is the hundreds digit of 2490066?
0
What is the hundreds digit of 3302711?
7
What is the thousands digit of 1032133?
2
What is the hundreds digit of 7127910?
9
What is the thousands digit of 851641?
1
What is the hundred thousands digit of 432220?
4
What is the ten thousands digit of 4140828?
4
What is the tens digit of 2750021?
2
What is the hundreds digit of 33226402?
4
What is the millions digit of 9612376?
9
What is the ten thousands digit of 21301396?
0
What is the hundred thousands digit of 1795716?
7
What is the thousands digit of 212843?
2
What is the thousands digit of 134797?
4
What is the ten thousands digit of 8966723?
6
What is the hundred thousands digit of 772363?
7
What is the tens digit of 241292?
9
What is the ten thousands digit of 181478?
8
What is the hundreds digit of 31807880?
8
What is the thousands digit of 966643?
6
What is the hundreds digit of 14076274?
2
What is the units digit of 1821636?
6
What is the thousands digit of 10417850?
7
What is the tens digit of 3277661?
6
What is the ten millions digit of 26115729?
2
What is the thousands digit of 728468?
8
What is the tens digit of 124337?
3
What is the hundreds digit of 668421?
4
What is the tens digit of 1968562?
6
What is the hundreds digit of 13828723?
7
What is the thousands digit of 11818?
1
What is the hundred thousands digit of 9213787?
2
What is the hundreds digit of 7370854?
8
What is the tens digit of 9686738?
3
What is the millions digit of 1881951?
1
What is the units digit of 212749?
9
What is the thousands digit of 2957714?
7
What is the ten thousands digit of 532848?
3
What is the ten thousands digit of 18202?
1
What is the units digit of 4084716?
6
What is the ten thousands digit of 75328?
7
What is the hundred thousands digit of 374155?
3
What is the thousands digit of 140853?
0
What is the millions digit of 7735427?
7
What is the hundred thousands digit of 191772?
1
What is the thousands digit of 61106?
1
What is the thousands digit of 7682847?
2
What is the hundreds digit of 606623?
6
What is the thousands digit of 92360?
2
What is the ten thousands digit of 19647771?
4
What is the millions digit of 7462911?
7
What is the tens digit of 6271807?
0
What is the ten thousands digit of 20867370?
6
What is the thousands digit of 7957970?
7
What is the hundreds digit of 700697?
6
What is the units digit of 58817?
7
What is the hundred thousands digit of 389365?
3
What is the hundred thousands digit of 8193953?
1
What is the tens digit of 4960345?
4
What is the ten thousands digit of 455310?
5
What is the thousands digit of 188222?
8
What is the hundred thousands digit of 384804?
3
What is the ten thousands digit of 95611?
9
What is the tens digit of 1355?
5
What is the thousands digit of 387797?
7
What is the hundred thousands digit of 17505366?
5
What is the hundreds digit of 1970148?
1
What is the ten thousands digit of 7387664?
8
What is the hundred thousands digit